e factors of 1211548?
2, 13, 23, 1013
List the prime factors of 3727.
3727
List the prime factors of 122429.
23, 5323
What are the prime factors of 327234?
2, 3, 54539
List the prime factors of 2284383.
3, 23, 33107
List the prime factors of 40234552.
2, 19, 223, 1187
List the prime factors of 414090.
2, 3, 5, 43, 107
List the prime factors of 6596791.
23, 73, 3929
List the prime factors of 1346603.
1346603
What are the prime factors of 35876?
2, 8969
List the prime factors of 612066.
2, 3, 7, 13, 19, 59
What are the prime factors of 255723?
3, 13, 79, 83
What are the prime factors of 835899?
3, 79, 3527
What are the prime factors of 364628?
2, 11, 8287
What are the prime factors of 9225278?
2, 4612639
List the prime factors of 78912.
2, 3, 137
What are the prime factors of 201309?
3, 67103
List the prime factors of 34747.
34747
List the prime factors of 1111635.
3, 5, 7, 3529
List the prime factors of 1758357.
3, 29, 6737
List the prime factors of 2575974.
2, 3, 429329
What are the prime factors of 1132511?
1132511
List the prime factors of 210813.
3, 70271
List the prime factors of 377076.
2, 3, 7, 67
List the prime factors of 363856.
2, 22741
What are the prime factors of 14797?
14797
What are the prime factors of 1804818?
2, 3, 233, 1291
What are the prime factors of 342396?
2, 3, 9511
What are the prime factors of 1910074?
2, 955037
What are the prime factors of 217268?
2, 29, 1873
What are the prime factors of 356994?
2, 3, 11, 601
What are the prime factors of 51335?
5, 10267
List the prime factors of 17155196.
2, 4288799
What are the prime factors of 970623?
3, 23, 521
What are the prime factors of 5581375?
5, 44651
What are the prime factors of 1432591?
1432591
What are the prime factors of 11901196?
2, 43, 69193
What are the prime factors of 2026822?
2, 7, 144773
What are the prime factors of 4343839?
4343839
List the prime factors of 219639.
3, 7, 10459
List the prime factors of 11701116.
2, 3, 7, 59, 787
What are the prime factors of 19925?
5, 797
What are the prime factors of 550719?
3, 13, 523
List the prime factors of 1416901.
743, 1907
List the prime factors of 2099287.
2099287
What are the prime factors of 281535?
3, 5, 137
List the prime factors of 1642014.
2, 3, 11, 8293
What are the prime factors of 1091628?
2, 3, 30323
List the prime factors of 905071.
905071
List the prime factors of 9015858.
2, 3, 500881
What are the prime factors of 3697152?
2, 3, 29, 83
What are the prime factors of 19222?
2, 7, 1373
What are the prime factors of 127576?
2, 37, 431
List the prime factors of 173197.
31, 37, 151
List the prime factors of 12486200.
2, 5, 149, 419
List the prime factors of 142051.
7, 13, 223
List the prime factors of 2206368.
2, 3, 47, 163
List the prime factors of 1889011.
1889011
List the prime factors of 357587.
357587
What are the prime factors of 9159640?
2, 5, 7, 32713
List the prime factors of 11727903.
3, 11, 277, 1283
List the prime factors of 515517.
3, 227, 757
What are the prime factors of 432310?
2, 5, 17, 2543
What are the prime factors of 58100?
2, 5, 7, 83
What are the prime factors of 1590890?
2, 5, 7, 22727
List the prime factors of 372451.
372451
What are the prime factors of 6861019?
11, 623729
What are the prime factors of 328985?
5, 19, 3463
List the prime factors of 424880.
2, 5, 47, 113
List the prime factors of 52141.
23, 2267
What are the prime factors of 85243?
85243
What are the prime factors of 1358773?
13, 127, 823
What are the prime factors of 12995268?
2, 3, 11, 13, 7573
List the prime factors of 130251.
3, 11, 3947
What are the prime factors of 8237064?
2, 3, 11, 41, 761
What are the prime factors of 181836?
2, 3, 5051
List the prime factors of 4980201.
3, 17, 97651
What are the prime factors of 29898548?
2, 601, 12437
What are the prime factors of 5456443?
2239, 2437
List the prime factors of 3812389.
7, 544627
What are the prime factors of 743805?
3, 5, 16529
What are the prime factors of 39088916?
2, 17, 59, 9743
What are the prime factors of 26931651?
3, 8977217
List the prime factors of 1019545.
5, 203909
List the prime factors of 224659.
271, 829
List the prime factors of 20264753.
67, 302459
What are the prime factors of 10235221?
10235221
List the prime factors of 618922.
2, 309461
What are the prime factors of 1994213?
13, 131, 1171
List the prime factors of 8997655.
5, 41, 43891
List the prime factors of 467460.
2, 3, 5, 7, 53
What are the prime factors of 3103818?
2, 3, 517303
List the prime factors of 398857.
398857
List the prime factors of 186172.
2, 7, 61, 109
List the prime factors of 355324.
2, 211, 421
List the prime factors of 226216.
2, 28277
List the prime factors of 26006530.
2, 5, 11, 21493
What are the prime factors of 13093902?
2, 3, 181, 4019
What are the prime factors of 21756655?
5, 4351331
List the prime factors of 1396679.
1396679
What are the prime factors of 9244557?
3, 7, 41, 1193
List the prime factors of 713569.
713569
List the prime factors of 668769.
3, 29, 7687
What are the prime factors of 286305?
3, 5, 19087
What are the prime factors of 5045954?
2, 2522977
List the prime factors of 219099.
3, 199, 367
What are the prime factors of 913589?
913589
List the prime factors of 1356177.
3, 43, 10513
What are the prime factors of 284009?
11, 25819
What are the prime factors of 105964?
2, 59, 449
What are the prime factors of 924296?
2, 31, 3727
List the prime factors of 346297.
7, 61, 811
List the prime factors of 12965002.
2, 6482501
List the prime factors of 848459.
97, 8747
What are the prime factors of 714011?
107, 6673
What are the prime factors of 16630138?
2, 7, 1187867
What are the prime factors of 11346?
2, 3, 31, 61
What are the prime factors of 61585?
5, 109, 113
List the prime factors of 1063770.
2, 3, 5, 59, 601
List the prime factors of 399239.
399239
What are the prime factors of 786893?
71, 11083
List the prime factors of 33445.
5, 6689
List the prime factors of 30202500.
2, 3, 5, 4027
List the prime factors of 191239.
31, 199
What are the prime factors of 4034525?
5, 11, 17, 863
List the prime factors of 262099.
349, 751
List the prime factors of 175459.
79, 2221
What are the prime factors of 14164449?
3, 13, 179, 2029
What are the prime factors of 849603?
3, 173, 1637
What are the prime factors of 24565143?
3, 701, 11681
What are the prime factors of 137564?
2, 7, 17
What are the prime factors of 477022?
2, 7, 13, 2621
What are the prime factors of 584473?
584473
What are the prime factors of 5402964?
2, 3, 7, 131, 491
List the prime factors of 1376869.
13, 105913
What are the prime factors of 173742?
2, 3, 23, 1259
What are the prime factors of 7759766?
2, 7, 554269
What are the prime factors of 218150?
2, 5, 4363
List the prime factors of 246667.
31, 73, 109
What are the prime factors of 703935?
3, 5, 15643
List the prime factors of 4856730.
2, 3, 5, 17, 89, 107
What are the prime factors of 302957?
17, 71, 251
What are the prime factors of 172007?
11, 19, 823
What are the prime factors of 3295045?
5, 13, 163, 311
List the prime factors of 223180.
2, 5, 11159
List the prime factors of 94026.
2, 3, 15671
List the prime factors of 6636083.
6636083
List the prime factors of 238610.
2, 5, 107, 223
What are the prime factors of 383368?
2, 173, 277
List the prime factors of 154272.
2, 3, 1607
List the prime factors of 4620698.
2, 2310349
What are the prime factors of 226385?
5, 19, 2383
List the prime factors of 7525991.
11, 23, 151, 197
What are the prime factors of 475169?
475169
List the prime factors of 482870.
2, 5, 109, 443
What are the prime factors of 658201?
43, 15307
List the prime factors of 805928.
2, 100741
List the prime factors of 710966.
2, 355483
What are the prime factors of 5936932?
2, 1484233
List the prime factors of 562604.
2, 7, 71, 283
List the prime factors of 9583.
7, 37
List the prime factors of 1217558.
2, 19, 179
List the prime factors of 8971156.
2, 2242789
What are the prime factors of 212218?
2, 106109
What are the prime factors of 2835422?
2, 59, 24029
List the prime factors of 19461610.
2, 5, 7, 29, 9587
What are the prime factors of 1184573?
13, 91121
What are the prime factors of 424488?
2, 3, 23, 769
What are the prime factors of 113234?
2, 11, 5147
List the prime factors of 235430.
2, 5, 13, 1811
What 